
Calculate the remainder when 235 is divided by 131.
104
Calculate the remainder when 381 is divided by 103.
72
What is the remainder when 43 is divided by 39?
4
What is the remainder when 1433 is divided by 7?
5
Calculate the remainder when 616 is divided by 21.
7
Calculate the remainder when 175 is divided by 45.
40
What is the remainder when 172 is divided by 3?
1
Calculate the remainder when 279 is divided by 57.
51
Calculate the remainder when 238 is divided by 30.
28
Calculate the remainder when 371 is divided by 13.
7
What is the remainder when 369 is divided by 94?
87
What is the remainder when 809 is divided by 17?
10
Calculate the remainder when 538 is divided by 180.
178
Calculate the remainder when 163 is divided by 40.
3
Calculate the remainder when 599 is divided by 213.
173
What is the remainder when 179 is divided by 43?
7
What is the remainder when 1506 is divided by 26?
24
Calculate the remainder when 143 is divided by 46.
5
What is the remainder when 475 is divided by 44?
35
Calculate the remainder when 263 is divided by 8.
7
What is the remainder when 174 is divided by 171?
3
What is the remainder when 78 is divided by 40?
38
Calculate the remainder when 311 is divided by 21.
17
Calculate the remainder when 915 is divided by 107.
59
Calculate the remainder when 14753 is divided by 119.
116
What is the remainder when 527 is divided by 22?
21
What is the remainder when 93 is divided by 58?
35
Calculate the remainder when 376 is divided by 27.
25
Calculate the remainder when 106 is divided by 61.
45
Calculate the remainder when 33 is divided by 18.
15
Calculate the remainder when 45 is divided by 2.
1
What is the remainder when 299 is divided by 62?
51
What is the remainder when 502 is divided by 255?
247
What is the remainder when 2075 is divided by 104?
99
Calculate the remainder when 221 is divided by 45.
41
Calculate the remainder when 225 is divided by 38.
35
Calculate the remainder when 6377 is divided by 58.
55
Calculate the remainder when 1611 is divided by 13.
12
What is the remainder when 4383 is divided by 43?
40
Calculate the remainder when 207 is divided by 21.
18
What is the remainder when 161 is divided by 15?
11
What is the remainder when 2797 is divided by 56?
53
What is the remainder when 42 is divided by 12?
6
What is the remainder when 209 is divided by 37?
24
What is the remainder when 2052 is divided by 10?
2
Calculate the remainder when 5565 is divided by 8.
5
Calculate the remainder when 117 is divided by 15.
12
What is the remainder when 2321 is divided by 194?
187
Calculate the remainder when 193 is divided by 26.
11
What is the remainder when 65 is divided by 43?
22
What is the remainder when 1515 is divided by 22?
19
Calculate the remainder when 159 is divided by 89.
70
What is the remainder when 1765 is divided by 57?
55
What is the remainder when 1064 is divided by 89?
85
Calculate the remainder when 219 is divided by 34.
15
Calculate the remainder when 126 is divided by 22.
16
Calculate the remainder when 353 is divided by 24.
17
What is the remainder when 2282 is divided by 2271?
11
Calculate the remainder when 135 is divided by 5.
0
Calculate the remainder when 720 is divided by 122.
110
What is the remainder when 132 is divided by 30?
12
Calculate the remainder when 25 is divided by 6.
1
Calculate the remainder when 362 is divided by 119.
5
Calculate the remainder when 2574 is divided by 56.
54
What is the remainder when 42 is divided by 27?
15
What is the remainder when 3674 is divided by 35?
34
What is the remainder when 837 is divided by 12?
9
Calculate the remainder when 609 is divided by 109.
64
What is the remainder when 42 is divided by 12?
6
What is the remainder when 2837 is divided by 93?
47
What is the remainder when 742 is divided by 161?
98
Calculate the remainder when 1419 is divided by 473.
0
Calculate the remainder when 133 is divided by 46.
41
What is the remainder when 2659 is divided by 35?
34
Calculate the remainder when 222 is divided by 89.
44
Calculate the remainder when 76 is divided by 32.
12
What is the remainder when 1960 is divided by 585?
205
Calculate the remainder when 1272 is divided by 98.
96
What is the remainder when 296 is divided by 100?
96
What is the remainder when 9449 is divided by 29?
24
Calculate the remainder when 415 is divided by 22.
19
Calculate the remainder when 103 is divided by 101.
2
Calculate the remainder when 618 is divided by 62.
60
Calculate the remainder when 762 is divided by 45.
42
Calculate the remainder when 1301 is divided by 45.
41
What is the remainder when 74193 is divided by 12?
9
Calculate the remainder when 118 is divided by 18.
10
What is the remainder when 1491 is divided by 45?
6
Calculate the remainder when 3216 is divided by 70.
66
What is the remainder when 2310 is divided by 8?
6
Calculate the remainder when 221 is divided by 16.
13
What is the remainder when 292 is divided by 54?
22
Calculate the remainder when 761 is divided by 394.
367
What is the remainder when 333 is divided by 28?
25
Calculate the remainder when 269 is divided by 93.
83
What is the remainder when 147 is divided by 37?
36
Calculate the remainder when 632 is divided by 143.
60
Calculate the remainder when 384 is divided by 23.
16
What is the remainder when 559 is divided by 70?
69
What is the remainder when 26 is divided by 9?
8
What is the remainder when 1380 is divided by 25?
5
Calculate the remainder when 54 is divided by 19.
16
Calculate the remainder when 3320 is divided by 663.
5
What is the remainder when 115 is divided by 39?
37
Calculate the remainder when 2487 is divided by 43.
36
What is the remainder when 332 is divided by 69?
56
What is the remainder when 369 is divided by 5?
4
What is the remainder when 149 is divided by 47?
8
What is the remainder when 2128 is divided by 706?
10
Calculate the remainder when 2161 is divided by 103.
101
Calculate the remainder when 158 is divided by 11.
4
Calculate the remainder when 353 is divided by 86.
9
What is the remainder when 310 is divided by 143?
24
What is the remainder when 241 is divided by 28?
17
Calculate the remainder when 642 is divided by 34.
30
What is the remainder when 223 is divided by 62?
37
What is the remainder when 85 is divided by 44?
41
Calculate the remainder when 966 is divided by 15.
6
Calculate the remainder when 82 is divided by 7.
5
Calculate the remainder when 196 is divided by 40.
36
Calculate the remainder when 7687 is divided by 26.
17
Calculate the remainder when 254 is divided by 82.
8
Calculate the remainder when 174 is divided by 164.
10
What is the remainder when 239 is divided by 5?
4
What is the remainder when 120 is divided by 111?
9
Calculate the remainder when 394 is divided by 16.
10
Calculate the remainder when 441 is divided by 12.
9
What is the remainder when 494 is divided by 55?
54
Calculate the remainder when 387 is divided by 119.
30
Calculate the remainder when 335 is divided by 62.
25
What is the remainder when 89 is divided by 50?
39
Calculate the remainder when 329 is divided by 55.
54
What is the remainder when 1049 is divided by 514?
21
What is the remainder when 29 is divided by 5?
4
Calculate the remainder when 4201 is divided by 168.
1
What is the remainder when 326 is divided by 153?
20
Calculate the remainder when 4837 is divided by 48.
37
What is the remainder when 4259 is divided by 12?
11
What is the remainder when 147 is divided by 30?
27
What is the remainder when 98 is divided by 5?
3
What is the remainder when 387 is divided by 79?
71
Calculate the remainder when 337 is divided by 320.
17
Calculate the remainder when 247 is divided by 100.
47
What is the remainder when 40 is divided by 23?
17
Calculate the remainder when 208 is divided by 104.
0
What is the remainder when 129 is divided by 10?
9
Calculate the remainder when 145 is divided by 30.
25
Calculate the remainder when 165 is divided by 12.
9
What is the remainder when 1029 is divided by 36?
21
What is the remainder when 137 is divided by 17?
1
What is the remainder when 610 is divided by 60?
10
Calculate the remainder when 254 is divided by 15.
14
Calculate the remainder when 28 is divided by 28.
0
What is the remainder when 353 is divided by 59?
58
What is the rema